6. Is a prime?
False
Let t(k) = -6*k + 7*k - 2*k + 5. Let m be t(3). Suppose -3*i = 2*j - 1591, 4*j = m*i - 1302 + 268. Is i a composite number?
True
Let q(w) = w**3 + 8*w**2 + 12*w - 15. Let d be q(-5). Suppose d = -2*x + 5 + 1, 30362 = 5*n - x. Is n prime?
True
Suppose 37*x - 3951274 - 1083316 = 0. Suppose -x + 37722 = -4*a. Is a prime?
False
Is (9 + 6 + -14)*20021 prime?
True
Let v = 296 - 322. Is (-39)/v*34266/9 a composite number?
False
Let l = 213795 + -71396. Is l composite?
True
Suppose 7*x - 294 - 567 = 0. Is (-82)/x - (35903/(-3) + -2) composite?
False
Suppose 0 = 26*v - 30*v + 31824. Let g = v - -4013. Is g a composite number?
False
Let x(p) = -22104*p + 6187. Is x(-70) prime?
True
Suppose -31*l + 3556542 = 6*l - 3637775. Is l a prime number?
False
Let c(p) = 33*p - 5. Let q(o) = -o**2 - 13*o + 2. Let r be q(-13). Suppose -r*j + 11 = 5. Is c(j) a composite number?
True
Let i(o) be the first derivative of -o**5/20 - 7*o**4/6 + 11*o**3/6 + 5*o**2 - 9*o + 9. Let k(m) be the first derivative of i(m). Is k(-16) composite?
True
Let n(o) = -o - 7. Let i be n(-13). Is 6995 - 3/((-9)/i) a prime number?
True
Suppose -116*u = -122*u + 424356. Is u a composite number?
True
Let h = -632 - -994. Let c be h + -4 - (-1 - -1). Suppose c = 3*w - 23. Is w composite?
False
Let s(j) = -28*j + 1073. Let f(n) = 255*n - 9660. Let k(t) = 6*f(t) + 55*s(t). Suppose x = 2*x. Is k(x) composite?
True
Suppose -290*f - 290*f + 2590696 = -572*f. Is f composite?
False
Let f(c) = 8625*c - 73. Let u be f(4). Suppose 5*w - u = -3*k, 20641 = 3*w - k - k. Is w prime?
True
Suppose -24*m + 1721139 = -6041205. Is m prime?
False
Suppose q = -2*q + 117. Let k(p) = 13*p**3 + 3*p**2 - 49*p + 154. Let r be k(4). Let c = q + r. Is c a prime number?
True
Let i(g) = g**2 + 4*g - 114. Let n be i(9). Suppose -3*d = -w - 14893, 0 = -0*w + n*w + 12. Is d prime?
False
Suppose -5*u = -2*s + 1743855, -5*s + 473*u + 4359760 = 478*u. Is s prime?
False
Suppose -6*d + 4*d + 5*b + 75 = 0, -5*b + 170 = 5*d. Let r = 34 + d. Suppose 5*c - r = 506. Is c a prime number?
False
Let z = 200 + -203. Is 681045/60 + z/(-12) a composite number?
False
Suppose -21*o + 4*y - 224691 = -26*o, 4*o - 179757 = y. Is o a composite number?
False
Let w(m) = -8*m**2 + 37*m + 92. Let i(p) = -3*p**2 + 12*p + 31. Suppose -2*b = 5*x - 34, 3*x - 2*x = -2*b + 10. Let o(k) = x*w(k) - 17*i(k). Is o(-14) prime?
False
Let u = -91 + 85. Let w(y) = 51*y**2 + 4*y + 7. Let j be w(u). Let b = j - 912. Is b prime?
True
Suppose -3042 - 5103 = -3*y. Let u = 3802 - y. Is u composite?
False
Is 12/114 + 83608173/513 composite?
True
Let h = 22379 - -19928. Is h a composite number?
False
Suppose k - 666 + 101 = 0. Suppose 0 = x - 6*x - k. Let u = x - -406. Is u composite?
False
Suppose -185*j + 186*j - 38131 = 4*l, -l + 38106 = j. Is j a composite number?
True
Suppose -i - 5*i + 263511 = -261159. Is i composite?
True
Let a(m) = 2*m**2 - 16*m + 4783. Let u(o) = o**2 + 17*o + 16. Let r be u(-16). Is a(r) a composite number?
False
Let m(a) = -4*a**3 + 4*a + 3. Let n be m(-1). Is (-2 - 1)/((-174096)/(-58041) - n) a prime number?
True
Suppose 72 = 8*t - 5*t. Is 8948/(-3)*(-18)/t a composite number?
False
Suppose 5*j - 30 = 4*m, m + 3*m + 24 = 2*j. Let w = j - 8. Let n = 313 + w. Is n prime?
True
Let d(u) = -2*u**3 - 78*u**2 - 2*u - 72. Let l be d(-39). Suppose -2*i - x + 22933 = 0, 7*x = -5*i + l*x + 57328. Is i a prime number?
False
Suppose -3*z = 4*z + 476. Let s = z - -78. Is s a prime number?
False
Suppose 3*r + 6*z - 2*z - 1616 = 0, 0 = 5*r - 3*z - 2645. Suppose -3*q + 9 = -2*q. Suppose h - r - q = 0. Is h composite?
False
Let r = -55079 - -124618. Is r a composite number?
False
Suppose 0 = 13*f + 13*f - 8*f - 14316174. Is f composite?
False
Suppose 133*c - 39919750 - 123990 = -87*c. Is c composite?
True
Let y(q) = 1926*q**3 + 11*q**2 - 3*q. Let u(f) = -2889*f**3 - 17*f**2 + 5*f. Let p(s) = -5*u(s) - 8*y(s). Is p(-2) a prime number?
False
Let q = 151383 - -7222. Is q composite?
True
Let j(d) = 109*d - 47. Suppose 0 = -2*s + 24 - 6. Is j(s) prime?
False
Let t(r) = 6*r**3 - r**2 - 513*r - 15. Is t(28) prime?
True
Is 1387782/8 + (-157)/(-628) composite?
False
Let z = -462848 + 710881. Is z composite?
False
Let o(z) = -97766*z - 5733. Is o(-5) composite?
False
Suppose -18*f - 13*f = -0*f - 4992209. Is f prime?
True
Let l = -7167 + 3433. Let v = -2152 - l. Suppose 3*b = -i + 3197, -4799 = -i + 2*b - v. Is i a composite number?
False
Let q(n) = -n**2 + 11*n - 14. Let m be q(11). Let s be (-8)/m + (-90)/(-14). Suppose -s*p + 1399 = -120. Is p a composite number?
True
Let x(j) = -4*j**3 + j**2 - 4*j + 2. Let g(h) = -h**3 + h**2 + h. Let t(a) = -g(a) - x(a). Let p be t(1). Is (14/(-21))/(p/(-1506)) a composite number?
False
Let w(k) = 407*k - 2. Let f be (-3*(-2)/(-6))/(-1). Let b be w(f). Let u = b - -46. Is u prime?
False
Let d(y) = -30*y**3 + 26*y**2 - 33*y + 16. Is d(-15) prime?
False
Let o(k) = 3459*k**2 - 242*k + 3614. Is o(15) composite?
True
Let f(m) = 280*m**2 + 2*m + 15. Let w be f(3). Suppose u + u = 5*r - w, -3*u + 6 = 0. Is r composite?
False
Suppose 4742 = 30*u - 9538. Let d = u + -57. Is d a prime number?
True
Let x(u) = 29*u - 15 - 56 + 66 - 45. Suppose 2*s - 3 = 15. Is x(s) composite?
False
Let h = 352487 - 219036. Is h a prime number?
True
Let f(h) = 93*h + 229 + h**2 - 51*h - 73*h. Is f(42) composite?
False
Let j = -401872 + 731183. Is j composite?
True
Let y(a) = -3*a**2 - 41*a - 21. Let m be y(-13). Let f = -9 - -13. Is 479/(0 + (m - f)) a prime number?
True
Let t(d) = -d**2 + 21*d + 103. Let m be t(25). Suppose -2*k + 3911 = -5*l, -3*k + m*l - l = -5839. Is k composite?
True
Let u(f) = -f**3 - 9*f**2 - 19*f - 14. Let v be u(-6). Is 4/v*(-44060)/5 composite?
True
Suppose r - 115 = -5*c, -c - c = -2*r - 58. Let a = c + -23. Is (a/2)/((-2)/1140*-3) a composite number?
True
Let d = 8 - -1. Suppose 0 = -3*f - 0*f + d, -3*f + 1166 = c. Is c/2 - 11/(-22) composite?
True
Let m(k) = -k**3 + k**2 + 7*k + 51787. Is m(0) a prime number?
True
Is ((-12577635)/90)/(2/(-4)) prime?
False
Suppose 4*d = 3*l - 37123, -5*l + 61870 = 110*d - 115*d. Is l a prime number?
True
Let w be (1 - 5) + 4 + 0/(-3). Let h be (-1 - 3/(-2))*w/(-18). Suppose h*q = -4*q - 5*s + 5621, 5*s - 4212 = -3*q. Is q prime?
True
Let k = 284 + -196. Let v be 4 - k/20 - (-13597)/5. Is ((-28)/(-42))/(v/(-2721) + 1) a composite number?
False
Suppose 233*f = 238*f - s - 1307851, -s = 2*f - 523146. Is f a composite number?
True
Suppose -5*f - 593613 = -4*v, -239044 = -2*v - 4*f + 57730. Is v prime?
False
Suppose 51*u + 32 = 19*u. Is 104340/40 - u/2 composite?
False
Let r(f) = -4788*f + 29 + 29 + 10 + 11 + 12. Is r(-5) a prime number?
False
Let n be 10/(-55) - (2 - 251829/33). Suppose -2*f + 1 = -9, -2*b = 5*f - n. Is b composite?
True
Suppose -103*z = g - 102*z - 47496, 3*z = -2*g + 94987. Is g a composite number?
False
Suppose -7*n - 550 = -95. Let s be (-270)/n + 2*(-2)/26. Is (-1)/(s/(-4795)) + 5/20 prime?
False
Suppose -4*h + 28 = -4*o, -4*o = -h - o + 7. Suppose 3*f - h*f - 1592 = 0. Let r = 51 - f. Is r prime?
True
Let z = -378533 - -657076. Is z a prime number?
True
Suppose -j + 15 - 5 = 0. Suppose 5*h - 35 = -j. Suppose -11568 - 3077 = -h*p. Is p prime?
False
Let b(a) = 46328*a + 2297. Is b(9) a prime number?
True
Suppose 13*g - 51209 - 17561 = 0. Suppose 2*n - 7*p + 3*p - g = 0, -4*p - 2647 = -n. Is n composite?
True
Suppose -6 = 3*l + 3. Let j be 86 + 7*l/((-84)/8). Suppose -j*r + 90*r = 1506. Is r composite?
True
Suppose 33108477 = 179*y + 55*y - 7323681. Is y composite?
False
Let a(t) = -t**3 + 3*t**2 + 4*t - 2. Let c be a(2). Suppose 0 = -c*y - y + 6523. Is y a composite number?
False
Suppose 2*r - 4*b + 5*b - 11 = 0, 0 = -3*r + 4*b - 11. Suppose -r*l + 6145 = 2*l. Is l a composite number?
False
Let f be 2/(-10) + 31*1756/(-20). Let k = 3871 + f. Is k a prime number?
False
Let c(r) = 65751*r + 6880. Is c(3) prime?
True
Suppose 0*c - 3 = -3*c. Is -5*(c/3)/(4/(-276)) a prime number?
False
Is (-263066)/(-3) - -16*(-4)/(-192) prime?
False
Suppose 8*f - 968339 = -5*w + 12*f, 0 = 2*w + f - 387320. Is w a prime number?
True
Let h = 556 - 551. Suppose -3*u + 3*g - 23037 + 80673 = 0, h*u = -3*g + 96100. Is u prime?
False
Let j be (-17)/(68/(-9984)) + 1. Let t = j - 1754.